 is the highest common factor of 180 and y?
9
Let a(c) = -2*c**2 - 41*c + 9. Let m be a(-17). Let r(l) = -l**3 + 5*l**2 + 28*l - 16. Let t be r(8). What is the greatest common factor of m and t?
16
Suppose -441*i + 448*i - 147 = 0. Calculate the greatest common factor of i and 14238.
21
Let u be (-7887680)/(-4640) + 2/29. Calculate the greatest common divisor of u and 2210.
170
Let s(k) = 20*k - 4 - 6 - 13*k. Let o be s(6). Let v be (256/12)/(4/(-6)*-1). Calculate the greatest common factor of o and v.
32
Let j = -11801 + 20471. Calculate the greatest common divisor of 306 and j.
102
Let w(v) = 398*v + 5580. Let m be w(-14). Calculate the highest common divisor of m and 14456.
8
Let w be (172/(-16))/(((-69)/348)/23). What is the highest common factor of w and 430?
43
Let s = -2826 - -2926. Calculate the highest common divisor of s and 2150.
50
Suppose -4*d = 14 - 34. Let c be 1 - (-1 + d) - (-59 - 12). Calculate the greatest common divisor of 17 and c.
17
Let s(c) = 18*c + 61. Let y(q) = -q - 2. Let b(f) = 2*s(f) + 14*y(f). Let z be b(-4). What is the greatest common divisor of z and 21?
3
Let d be (24 + -5 - 7)*6/(-8). Let v(b) = 2*b**3 + 21*b**2 + 17*b + 20. Let n be v(d). Calculate the highest common divisor of 40 and n.
10
Suppose -217 = -13*w + 355. Suppose -2*h = 3*i + 18 - w, 5*h = i - 37. What is the highest common factor of 144 and i?
12
Suppose 0 = -5*t + k + 804, -t + k + 129 = -35. Let w(n) = n**3 + 60*n**2 - 123*n + 82. Let b be w(-62). What is the greatest common divisor of t and b?
20
Let x = -7269 + 7281. What is the highest common factor of 4116 and x?
12
Let m be 709575/180 - 1*(-3)/(-36). What is the greatest common factor of m and 292?
146
Let l = 7176 - 7146. What is the highest common factor of l and 6825?
15
Let o(f) = f**2 - 11*f + 37. Let q be o(10). Let w = 1949 - 1598. Calculate the highest common divisor of q and w.
27
Suppose 143*b = 148*b - 2440. Let i = b - 222. What is the highest common factor of 14 and i?
14
Suppose 3*r - 2*r = -3*n + 28, 2*n = 2*r + 8. Let b(l) = 2*l**2 - 102*l - 102. Let p be b(-1). Calculate the greatest common divisor of n and p.
2
Let s(f) be the second derivative of f**4/12 + f**3 + 5*f**2/2 + 52*f. Let z be s(-10). Let a = z - 30. Calculate the highest common factor of a and 120.
15
Suppose -6073 = -431*p + 48*p + 10396. What is the highest common divisor of p and 48289?
43
Let d(v) = 58*v + 35. Let b(s) = 29*s + 17. Let f(o) = -7*b(o) + 3*d(o). Let z be f(-2). What is the highest common factor of z and 11?
11
Let i = 261 - 256. Suppose 566 = 4*n - i*d, -3*d = -15*n + 10*n + 714. What is the greatest common divisor of n and 9?
9
Suppose 75*z = 72*z + 165. Calculate the highest common factor of 44 and z.
11
Let m(i) = 63*i + 432. Let l be m(-5). What is the highest common factor of 729 and l?
9
Suppose 0 = -4*t - 4*q + 136, t - 4*t = -3*q - 108. Let f be (903/t + 13)/((-4)/(-30)). What is the highest common factor of 3 and f?
3
Let b be (-20366)/(-12) + -13 + (-830)/(-60). What is the highest common divisor of 36 and b?
6
Suppose 0 = -5*x + 3*m + 339, 4*x - 137 = 3*m + 136. Suppose 0*k = 3*k - x. What is the greatest common factor of 22 and k?
22
Suppose 4*u - 125 = s, 5*u - s + 91 - 248 = 0. Suppose 0 = -j - 5*m + 137, -4 = -2*m + 6. What is the highest common divisor of j and u?
16
Let q(r) = -r**2 + 2*r + 9. Let p = 53 - 49. Let f be q(p). Let x = -71 + 75. What is the highest common divisor of x and f?
1
Let q = -6959 - -8399. What is the highest common divisor of 1056 and q?
96
Let n be -68*(-7)/(-168)*-12. Calculate the highest common factor of n and 22474.
34
Let s = 102 - 50. Let w(n) = 3*n**2 + 40*n + 7. Let z(q) = q**2. Let t(c) = -w(c) + z(c). Let y be t(-18). What is the highest common divisor of s and y?
13
Let q = 21 + 77. Suppose 3*f - 8 = -f. Suppose 0 = -2*n + n + s + 53, 0 = -f*n - 2*s + q. What is the greatest common divisor of 34 and n?
17
Let a(j) = 3*j - 1. Let g be a(4). Suppose -2 = 3*b - 5*n, 2*b + 3*n - 29 = 2*n. What is the greatest common divisor of g and b?
11
Suppose -2*l = 5*t - 11, 3*l + 0*l + 2*t = 0. Let b be 3276/(-90) + l/(-5). Let r be b/12*(-38)/6. What is the greatest common divisor of 95 and r?
19
Suppose -5*a = q + 23, 4*q + a + 0 = 3. Suppose -q*b + 6*b = 112. Let s = 41 - b. Calculate the greatest common factor of s and 52.
13
Let q be (8 - (-1825)/(-225)) + 3/((-54)/(-203492)). Calculate the highest common factor of q and 95.
95
Let s = -3676 - -3734. What is the greatest common divisor of s and 3712?
58
Suppose -3*q - 3*w + 713 = -868, -1587 = -3*q + 3*w. What is the highest common factor of q and 336?
48
Let d(f) = -f**3 + 10*f**2 + 24*f + 5. Let o be d(12). Let q be -3 + -1 + (109 - o). What is the highest common divisor of 20 and q?
20
Suppose 48563 = 141*c + 6827. What is the greatest common divisor of 2516 and c?
148
Let m(z) = z**3 - 11*z**2 - 5*z + 211. Let a be m(11). Let s be (-4 - 4)/((-6)/63). Calculate the greatest common divisor of s and a.
12
Let c(a) = -1319*a + 365. Let j be c(-2). What is the highest common factor of 42 and j?
21
Let b = -93 - -94. Let f be -17 + 64 - 2/(2/b). What is the greatest common factor of 115 and f?
23
Let r(x) = 12*x + 7. Let t be r(4). Let s be ((-198)/t)/((-2)/10). Let l = 25 + -23. Calculate the greatest common factor of s and l.
2
Let i = -93 - -111. Let l be 93/6 + (-27)/i. What is the greatest common divisor of l and 21?
7
Let u = 13264 + -13003. What is the greatest common factor of 145 and u?
29
Let b be 0 + 3 - -1473*1/3. Suppose -58*o + 57*o + b = 0. What is the highest common divisor of 26 and o?
26
Suppose 4*j = -6*c + 3*c + 76, -c = -5*j - 57. Let q be 2/(-7 - 38/(-6)). Let s = q + c. What is the highest common factor of s and 145?
29
Let a(i) = 183*i**3 + 4*i**2 - 14*i + 14. Let p be a(2). Calculate the greatest common factor of p and 4.
2
Let n(z) = 3*z**3 + 26*z**2 - 37*z - 21. Let i be n(12). What is the greatest common factor of 13 and i?
13
Let n(y) = -2*y**3 + 3*y**2 - 3*y + 12. Let v be n(2). Suppose 2*z = 2*s + 568, 0 = -v*z - 5*s + 6*s + 572. Calculate the greatest common factor of 72 and z.
72
Suppose -8*t + 1500 - 60 = t. Calculate the greatest common factor of 336 and t.
16
Suppose 121*w - 114*w - 539 = 0. Calculate the greatest common factor of w and 649.
11
Suppose 0 = -10*q + 5*q + 625. Let p = 84 + q. Calculate the greatest common factor of p and 19.
19
Let k = -28 - -96. Suppose 13*v - 14*v = -k. What is the greatest common factor of 51 and v?
17
Suppose -216*d = -236*d + 220. Let o be (-3)/((-27)/6)*3. Let p be 5/10*4/o. What is the highest common factor of p and d?
1
Let n(k) = -2*k**2 + 71*k + 42. Let t(z) = -z**2 + 13*z + 82. Let r be t(16). Let i be n(r). What is the greatest common factor of i and 54?
18
Suppose 4*z + 695 = 2111. Suppose 0 = -3*o + 372 - z. What is the highest common divisor of o and 474?
6
Suppose 3*a - 31 = -5*k - 11, -3*k = 3*a - 12. Suppose -k*t + 4*y = -1480, 4*t = 5*t + 4*y - 360. What is the greatest common factor of t and 16?
16
Let i = -1937 + 3620. What is the greatest common factor of 2142 and i?
153
Suppose 30*a - 7508 = 18232. Calculate the greatest common factor of a and 66.
66
Let p(a) = -a**2 + 6*a + 17. Suppose -7*f = 9*f - 112. Let b be p(f). Let l be (-15)/(-9) + b/3. Calculate the greatest common factor of 35 and l.
5
Let j be (-159)/((-2)/(-12)*171/(-38)). Suppose -3*c - 98 = -2*o, -4*o + j = -10*c + 8*c. What is the highest common divisor of 11 and o?
11
Suppose 0*j + 2*j + a + 512 = 0, -4*a + 16 = 0. Let n = 276 + j. What is the highest common divisor of 171 and n?
9
Suppose j = -3*x - 92 + 259, -5*j + 94 = 2*x. Let q = 995 + -976. Calculate the highest common factor of x and q.
19
Suppose 6*i - 20 - 4 = 0. Let b(x) = 19 + 66*x - i - 6. Let v be b(3). What is the highest common factor of v and 23?
23
Let k be (-89)/(-5) + 8/(-10) - 5. Suppose -k*w + 130 = w. What is the greatest common divisor of 160 and w?
10
Let g(a) = a**3 - 24*a**2 + a + 74. Let r be g(24). What is the greatest common divisor of r and 2009?
49
Let a(m) be the first derivative of -2*m**2 + 148*m - 189. Let p be a(30). What is the highest common factor of p and 77?
7
Let z(y) = 23*y**3 - 2*y**2 - y + 1. Let w be z(2). Let k be 4/26 - 36690/195. Let q 